f - 1. Let v(k) = -3*k**2 + 6*k**2 - 42 + 17*k**2 - 20*k + k**3 - 3*k**2. Let c be v(-18). Calculate q(c).
-7
Let p(t) = 5*t - 9. Suppose 6 = 7*w - 50. Calculate p(w).
31
Let t(z) = -1 + 4 + z**2 + 8*z - z. Suppose 0 = -3*v + 45 - 24. Suppose -35 + 70 = -v*y. Give t(y).
-7
Let q be 43/(-9) + 4/(-18). Let h = q - -7. Let m(p) = 6*p**2 - 4 + 9*p + 0*p**2 - p**3 - 3*p - 3*p**h. Calculate m(4).
4
Let n(h) = -2*h + 1. Suppose 3*c = -z + 8, -4*c + 0*z = -2*z + 6. Let i be 1/(-2 + c)*1. Calculate n(i).
3
Let j(q) = q**3 + 13*q**2 - 14*q + 3. Let p = 278 + -292. What is j(p)?
3
Let n(g) = g - 4. Let q(v) = v**3 - 5*v**2 + 4*v + 5. Let t be q(4). Suppose -2*h = t*x - 3*x - 22, -5*h + 5*x + 15 = 0. Calculate n(h).
3
Let g(w) be the second derivative of -w**5/20 - w**4/3 - w**3/2 + 3*w**2/2 - 785*w. Determine g(-4).
15
Let m(g) = g**2 + 12*g + 16. Let c(o) = -o**2 - 11*o - 15. Let n(v) = -4*c(v) - 3*m(v). What is n(-7)?
5
Let k(q) = -7*q + 10. Let m = -42 + 41. Let p(i) = i - 1. Let w(n) = m*k(n) - 6*p(n). Give w(4).
0
Let s(k) = -2*k - 8. Let v(n) = -n - 3. Let j(d) = -3*s(d) + 8*v(d). What is j(-5)?
10
Let g(f) = -f**2 + 3. Let a(q) = -1. Let z(w) = -a(w) - g(w). Let v = 6 + -9. Calculate z(v).
7
Let q(p) be the second derivative of 13*p**4/12 - p**3/6 + p**2/2 + 77*p. Give q(1).
13
Let f(v) = 5*v**2 + 2*v - 3. Let q(o) = 11*o**2 + 4*o - 7. Let j(g) = -9*f(g) + 4*q(g). What is j(-2)?
-1
Let l(u) = u + 3. Let k(b) = -2*b - 2. Let w(z) = 2*k(z) + 3*l(z). What is w(-8)?
13
Let o(w) = w**3 - 5*w**2 - 6*w - 2. Let r(f) = f**2 - 19*f + 20. Let x be r(18). Let j be (3 - 0 - -1) + x. Give o(j).
-2
Let w(v) = 6*v - 16. Let k(l) = -5*l + 8. Let d(b) = -4*b + 7. Let m(f) = 3*d(f) - 2*k(f). Let p(j) = -16*m(j) - 5*w(j). Calculate p(5).
10
Let o(j) = -7*j + 12. Let u(v) be the third derivative of -v**4/24 + v**3/6 - 7*v**2. Let s(t) = -o(t) + 6*u(t). Let h be 4/(-8) - (-13)/2. Determine s(h).
0
Let y(a) = -13*a**2 - a - 1. Suppose -10*c + 11*c + 1 = 0. Determine y(c).
-13
Let w(m) = 3*m + 12. Let o(t) = -t + 8. Let a be o(14). Calculate w(a).
-6
Let o(v) = 5*v - 4 - 5*v**2 - 7*v**3 + 17*v**3 - 9*v**3. Suppose 0 = 4*s - 3*s - 4. Give o(s).
0
Let p(h) be the third derivative of h**6/120 - h**5/4 + 7*h**4/12 - h**3/2 - 2*h**2 - 19. What is p(14)?
-3
Suppose -3 = -y + a, -4*y + 3*a + 4 = -6*y. Let g(w) be the third derivative of -2*w**5/15 - w**3/6 - 23*w**2. What is g(y)?
-9
Suppose 15 = -b + 16. Suppose -2*r = 1 + b. Let m(k) = 4*k**3 + 2*k**2 - 1. Give m(r).
-3
Suppose -126*a + 133*a - 42 = 0. Let w(s) be the first derivative of s**2/2 - 8*s - 2. What is w(a)?
-2
Let o(u) be the second derivative of -u**4/6 - 2*u**3/3 + 3*u**2/2 + 422*u. Determine o(3).
-27
Let c(q) be the second derivative of q**5/20 + 5*q**4/12 + q**3/6 - q**2 - q - 6. Suppose -10 = 2*j - 3*t, 2*j + t - 1 = -11. Determine c(j).
-7
Let y = 20 - 15. Suppose -3*l - 2*l = -5*v - y, 0 = -5*l + 3*v + 1. Let u(h) = 19*h**2 - h - 1. What is u(l)?
19
Let x = -14 - -19. Suppose x*p + 3*y = -2, 1 - 17 = 2*p + 5*y. Let n(u) = -3*u + u - 6 + p*u - 3*u. Calculate n(-4).
6
Let y(w) = 3*w**3 + w**2 + 1. Suppose 202*q = 200*q - 4. Determine y(q).
-19
Suppose -5*a - 1 = -4*x - 0, -3*x + a - 13 = 0. Let i(w) = 2*w - 4. Let c(h) = h - 3. Let f(j) = -3*c(j) + 2*i(j). Give f(x).
-5
Let x(r) = 2*r. Let j(s) = 6*s - 1. Let v(p) = -3*j(p) + 6*x(p). What is v(-2)?
15
Let c(o) = -2*o - 1. Let b(s) = -s + 1. Let n be -6*(-1)/6 - (0 - 1). Let z(d) = n*c(d) - 3*b(d). What is z(-5)?
0
Let z(p) = 16*p - 88 + 0*p**2 + 81 - p**2. Give z(16).
-7
Let k(h) = h**2 - 9*h + 8. Suppose -2*w - r + 21 = -0*w, 0 = 4*w - 5*r - 35. Give k(w).
18
Let m(b) = b**2 + 3*b + 4. Let a be ((-1)/(-3))/((-9)/(-27)). Let s be (-3 + 9 - a)*(-16)/20. What is m(s)?
8
Let z(m) = m - 3. Let l be z(2). Let f = l + 5. Let p(w) = w**2 - 5*w + 3. Determine p(f).
-1
Let t be 2/1 + 17 - 3. Let p be 94/14 - t/(-56). Let q(m) = 6*m**2 + 1 + 3 - 1 - p*m - 5*m**2. Give q(5).
-7
Let h(k) be the second derivative of 0 + k**2 + 0*k**3 + 1/12*k**4 + 4*k. Suppose -3*l = -6 - 3. What is h(l)?
11
Let i(v) = -v**3 + 6*v**2 - 5*v + 3. Suppose -126 = 3*b - 3*l, -2*l - 177 = 4*b - 3*l. Let s = b + 49. What is i(s)?
15
Let a(s) = 82*s + 75. Let p(x) = 15*x + 15. Let f(i) = -2*a(i) + 11*p(i). Calculate f(0).
15
Let a(y) = 5*y - 3*y + 1148 - 1140. Calculate a(-8).
-8
Let b(o) be the first derivative of 5/3*o**3 + 1/4*o**4 + 16 - 2*o + 1/2*o**2. Determine b(-5).
-7
Let w(b) be the third derivative of -b**4/24 + b**3 - 7*b**2 + 6. Calculate w(-9).
15
Let r(q) = -q**3 + 7*q**2 + 1. Let d be r(7). Let x(w) = 0*w - d - 5*w + 4*w. Give x(5).
-6
Let h(j) be the second derivative of 5/2*j**2 + 0 - 5/6*j**3 + 8*j - 1/12*j**4. Determine h(-7).
-9
Let v = -592 - -580. Let x(j) = j + 9. What is x(v)?
-3
Let q(g) = -g - 2 + g - 2*g. Let d = 15110 - 15113. Calculate q(d).
4
Let m(k) = -6*k + 2*k**2 - 5*k - 4*k**2 + 10. Let x(b) = b**2 + 11*b - 9. Let d(i) = -2*m(i) - 3*x(i). Determine d(9).
-11
Let w(y) = y**3 + y**2 + y - 2. Let l be -1 + 2 + 4/(-4). Suppose -g + 6*g = l. Suppose g = c + 2 - 0. Give w(c).
-8
Suppose 0 = 4*u - 4*y - 104, 2*y = 5*u - y - 134. Suppose -4*f = -4*m + u, 2*m - 2*f = -6*f - 10. Let l(q) = 7 + 5 + q - 1 - 7*q**2 - 3 - q**m. Determine l(-7).
1
Let s(h) be the first derivative of -5*h**2 - 4*h + 27 - 1/3*h**3. Determine s(-9).
5
Suppose 3*m - 4 = 7*m - 4*d, -10 = 5*m - 4*d. Let k = 3 - -3. Let p(c) = 5*c + c + 0*c**2 + 0*c + c**3 + 7*c**2 - k. Calculate p(m).
-6
Let b(r) be the second derivative of r**5/20 + 7*r**4/12 - r**3/6 + 5*r**2/2 + 30*r + 3. Give b(-7).
12
Let b(s) = 37*s + 1. Let f(n) = -78*n - 2. Let d(k) = -13*b(k) - 6*f(k). What is d(2)?
-27
Let j be ((-90)/(-20))/(1/2). Let v(m) = 10 - j + m**2 - m - 2*m**2. What is v(2)?
-5
Let w(j) = -5*j**2 - j - 1. Suppose 0 = 3*d + 3*i + 15, 0 = 2*i - 15 + 23. Calculate w(d).
-5
Let m(n) = -11*n - 8. Let f(g) = -10*g - 8*g - 4 + 13*g. Let p(s) = 9*f(s) - 4*m(s). What is p(-3)?
-1
Let s(d) = d**2 - d - 15. Suppose 5*u + 174 = -76. Let l = u - -34. Let w be (-4)/l*4 - 1. Calculate s(w).
-15
Let y(c) = 18 + 0*c - 11 - 25 - c. Determine y(-16).
-2
Let l(w) be the third derivative of -2/3*w**3 - 1/60*w**6 - 15*w**2 - 5/24*w**4 + 0 + 0*w - 1/12*w**5. Give l(-3).
20
Suppose 0 = -7*t - 31 + 353. Suppose -18 - t = 8*k. Let b(v) = -v**2 - 7*v - 6. Give b(k).
-14
Let h(a) = -a**3 + 8*a**2 + 5*a - 9. Let x(v) = -5*v + 73. Let y be x(13). Give h(y).
31
Suppose 0 = 2*x + 1 - 3, -5*g + 3*x - 8 = 0. Let u = 4 + g. Let r(b) be the first derivative of 2*b**2 - 1. Calculate r(u).
12
Suppose 25*m - 1 = 26*m. Let k(d) = 2*d**2 + 1. Let c(a) = -a**2 - a. Let n(b) = m*k(b) - c(b). What is n(2)?
-3
Suppose -u - 3*m - 6 = 0, 3*u = -0*m + 2*m + 4. Suppose -3*k = -l + 14, u*k - l = -2*k - 10. Let p(g) = -g**2 + 3. Calculate p(k).
-13
Let n(r) = -1 - 420*r**3 + 2 + 410*r**3. Determine n(1).
-9
Let x(s) be the first derivative of s**3/3 - s**2 - 4*s - 3. Let m(i) = -i**3 + 8*i**2 - 12*i - 12. Let c be m(5). Calculate x(c).
-1
Let u(i) = i - 10. Let m(x) = 3*x - 9. Let f(g) = 4*m(g) - 3*u(g). Calculate f(4).
30
Let g = -2 - -4. Suppose 0 = -2*r - g*r - 16. Let t(o) be the second derivative of -o**5/20 - o**4/3 + o**3/3 + 12*o. Give t(r).
-8
Let v(b) = -b**2 + 4*b - 3. Let f = 284 + -281. What is v(f)?
0
Let g(n) = -n**3 + 5*n**2 - 6*n + 5. Let s be g(3). Suppose -s*l + 6 + 4 = 0. Let k(t) = -2 - 2*t**2 - 2*t + 5*t**2 + 0*t**2. Give k(l).
6
Let j(y) be the third derivative of -3/8*y**4 + 0 + 1/60*y**5 + 0*y**3 - 19*y**2 + 0*y. What is j(8)?
-8
Let z be -2*(-5)/(10/4). Let j be -3*4/(-6)*6/z. Let a(p) = p**3 - 3*p**2 - 3*p + 4. Determine a(j).
-5
Let b(v) = v**2 + 9*v + 13. Let d be (-36)/63 + (-4 - 96/28). What is b(d)?
5
Let o(m) = m**3 + 2*m**2 + m. Suppose 7*k + 12 = -d + 4*k, 2*d + 3*k = -36. Let x = -26 - d. Give o(x).
-2
Let v(k) = -k**2 + 2*k + 11. Let i be (38 - 34) + (0 + 1 - 0). Give v(i).
-4
Let q = -91 - -87. Let v = -8 + -1. Let d(h) = 13*h**3 + 20*h**2 + 17*h - 9. Let s(c) = -3*c**3 - 5*c**2 - 4*c + 2. Let l(p) = v*s(p) - 2*d(p). Determine l(q).
8
Let d(n) = -67 + 118 - 54 - 2*n. Give d(-5).
7
Let s(x) = 1633*x + 3 + 0 - 1632*x. Give s(2).
5
Suppose -3*t + 63 = 3*u, 0*t - 2*t - u + 37 = 0. Let g(v) = -v**3 + 15*v**2 + 17*v - 13. Gi